
What is -330114003 (base 5) in base 16?
-1585c7
Convert -1351057 (base 9) to base 15.
-e9d84
-23300232 (base 5) to base 13
-759a4
Convert -9927a1 (base 11) to base 12.
-6451a8
What is 792b1 (base 16) in base 5?
111340210
ba12a7 (base 13) to base 16
42b819
-e4787 (base 16) to base 15
-13742a
10010111101000000 (base 2) to base 14
20412
-6574927 (base 10) to base 8
-31051517
What is -2126583 (base 10) in base 3?
-11000001010100
-22002222000110 (base 3) to base 7
-51430122
-367632 (base 8) to base 12
-6150a
2661042 (base 10) to base 15
3786cc
-206c00 (base 13) to base 10
-757796
Convert -10346224 (base 7) to base 4.
-3120033232
What is -1a0a5 (base 12) in base 11?
-26724
102402410 (base 6) to base 2
110111000100101000110
Convert -2441b34 (base 12) to base 4.
-122322010120
What is 22524311 (base 7) in base 14?
394d08
-4320130 (base 5) to base 10
-73165
What is -354533 (base 8) in base 12?
-5a163
Convert -1900391 (base 13) to base 14.
-11290d1
-12020221112 (base 3) to base 14
-299d4
2332122312 (base 4) to base 14
164354
Convert 607a1 (base 15) to base 3.
120112000221
-15039 (base 15) to base 10
-67554
13111242 (base 5) to base 7
1044640
-107b785 (base 13) to base 6
-300141443
Convert 1a4965 (base 15) to base 3.
2102002112112
Convert -74103 (base 11) to base 6.
-2151411
Convert -7820135 (base 9) to base 4.
-100002302102
Convert -2312231301 (base 4) to base 5.
-142422101
-1011101110001110101 (base 2) to base 12
-166359
Convert 242222120 (base 5) to base 8.
4244361
What is -99965 (base 13) in base 5?
-32402201
24171a (base 14) to base 5
303432302
199b768 (base 13) to base 11
4852345
Convert -289d0 (base 14) to base 9.
-163152
4413431 (base 6) to base 4
311222323
b4bc54 (base 15) to base 16
832849
-1dd658 (base 14) to base 3
-2000120110122
-91fa4 (base 16) to base 13
-17c202
What is 2c225 (base 15) in base 16?
22b9b
Convert -16e23d (base 15) to base 2.
-100001111001101100011
121a048 (base 12) to base 6
203252132
-6999 (base 16) to base 10
-27033
466713 (base 11) to base 3
1101122022122
Convert 4473247 (base 8) to base 10.
1210023
3d2234 (base 14) to base 11
1217988
-102020021001122 (base 3) to base 2
-10110110001010011001000
-6551052 (base 7) to base 15
-10cac9
Convert -102202102122 (base 3) to base 13.
-81437
Convert 329ab (base 15) to base 10.
160811
What is -10221020202202 (base 3) in base 4?
-13332211010
What is -10111011010110000101 (base 2) in base 3?
-1102222121221
Convert 130120320 (base 4) to base 13.
40c08
-11323523 (base 8) to base 3
-11122101000002
59320 (base 12) to base 16
1d388
What is -1179302 (base 11) in base 9?
-3760506
Convert b004 (base 13) to base 8.
57153
Convert -989125 (base 11) to base 8.
-6013332
2a9215 (base 11) to base 16
755ed
What is -131030222 (base 4) in base 8?
-351452
What is 4062345 (base 8) in base 10?
1074405
What is 10100101100000000000 (base 2) in base 4?
2211200000
What is -5660b (base 15) in base 4?
-1003010300
2954d6 (base 14) to base 4
11132212310
120101112221210 (base 3) to base 10
8179347
What is -3313302 (base 4) in base 14?
-5aca
25a943 (base 12) to base 7
5161332
What is -37c9 (base 14) in base 11?
-7392
Convert 211010112121 (base 3) to base 4.
1222112113
Convert -6918319 (base 11) to base 13.
-267a732
-5317 (base 15) to base 11
-12225
17dc4 (base 16) to base 10
97732
101111011111100111010101 (base 2) to base 12
4205019
What is 61c720 (base 14) in base 3?
20012122022200
Convert -30301324 (base 6) to base 3.
-1121212110121
Convert 1702b53 (base 14) to base 16.
ac7485
Convert -1002425 (base 8) to base 16.
-40515
Convert 75260623 (base 8) to base 14.
21c8763
2356403 (base 7) to base 9
506442
What is -13251724 (base 8) in base 3?
-12120220212111
573053 (base 8) to base 15
3c796
Convert 53a87a (base 13) to base 3.
10200212020221
What is dc8c6 (base 14) in base 12?
2190a6
Convert 101010000100101010 (base 2) to base 13.
60592
Convert 1101100001011100100 (base 2) to base 15.
8b458
Convert 1010110111100000111 (base 2) to base 16.
56f07
What is 133545321 (base 6) in base 10?
2704657
Convert 1100110101101000111 (base 2) to base 10.
420679
What is -315553 (base 7) in base 13?
-1bc4c
230201 (base 7) to base 9
62112
110100000001101110110 (base 2) to base 14
325410
302234353 (base 6) to base 13
10b53a3
-677406 (base 8) to base 2
-110111111100000110
What is 207719 (base 10) in base 8?
625547
Convert 113013300100 (base 4) to base 11.
346a856
What is 34100302 (base 5) in base 14?
7b501
What is 233730 (base 9) in base 3?
21010211000
7527016 (base 8) to base 9
3704062
2eaa57 (base 16) to base 15
406243
Convert 51145146 (base 7) to base 2.
10000010000111010010101
Convert -1546661 (base 7) to base 12.
-a37ab
12aa220 (base 14) to base 8
42313564
What is -3542756 (base 12) in base 9?
-21322583
Convert -755b07 (base 12) to base 4.
-13011003313
-2112112122112 (base 3) to base 10
-1349123
7b29 (base 16) to base 9
47222
20755225 (base 8) to base 15
5cc8ce
What is -7679848 (base 10) in base 16?
-752f68
1999440 (base 11) to base 7
40414234
What is 1203134 (base 6) in base 3?
10012022011
What is 32012331 (base 6) in base 5?
214404400
-100152555 (base 6) to base 5
-413211034
Convert 122200111201 (base 3) to base 6.
11243331
Convert -3a5ab4 (base 12) to base 2.
-11101011010111101000
What is 99e532 (base 15) in base 4?
123333212312
What is -18851 (base 13) in base 12?
-2362b
Convert 17f956 (base 16) to base 12.
63929a
12254741 (base 9) to base 16
5b8e92
What is -159471 (base 16) in base 8?
-5312161
What is -9082aa (base 14) in base 16?
-4a33be
7672137 (base 11) to base 12
461873b
422795a (base 11) to base 10
7448099
Convert -100000000010011110011001 (base 2) to base 7.
-131250065
-18280 (base 10) to base 15
-563a
Convert 3de26 (base 16) to base 3.
110212201002
What is 451135 (base 7) in base 12?
3a117
-395645 (base 10) to base 11
-250288
-2181 (base 14) to base 11
-43a0
-13020302 (base 4) to base 16
-7232
What is -113340422 (base 5) in base 6?
-15150352
What is -1073718 (base 13) in base 5?
-2242101111
-1011111010001011110000 (base 2) to base 8
-13721360
Convert 60502566 (base 8) to base 3.
212222200011201
-320021013 (base 4) to base 10
-229959
Convert 11101011001100000 (base 2) to base 15.
25a2b
What is -3438248 (base 10) in base 7?
-41140022
-14221017 (base 9) to base 6
-410523454
1a84b (base 15) to base 10
86246
Convert 2121313 (base 5) to base 9.
54134
-1100122012022 (base 3) to base 13
-1c3301
-1000110110011010011 (base 2) to base 10
-290003
22040621 (base 7) to base 14
373881
-85140 (base 11) to base 4
-132100230
-28042154 (base 9) to base 11
-78a71a5
Convert -91317 (base 13) to base 15.
-51e83
Convert 1115324 (base 7) to base 9.
231272
What is 305410 (base 11) in base 8?
1675477
Convert 1277046 (base 8) to base 16.
57e26
485b15 (base 12) to base 14
226cb7
What is -34521 (base 10) in base 15?
-a366
-4032130 (base 5) to base 9
-107630
What is 31d300 (base 15) in base 7?
26113146
What is -5218504 (base 10) in base 7?
-62233204
What is 5692a (base 12) in base 15?
242bd
What is -123122 (base 15) in base 9?
-1566715
Convert 212104 (base 7) to base 13.
13963
242574 (base 8) to base 14
2251a
26550443 (base 8) to base 14
b0d031
-113218 (base 9) to base 8
-204610
113ec6 (base 15) to base 10
823461
2b651 (base 13) to base 3
11011222201
Convert -11222202 (base 3) to base 15.
-1128
-101100100110001011 (base 2) to base 16
-2c98b
3743a5 (base 13) to base 5
314320421
What is -125142 (base 6) in base 11?
-8714
Convert 11230024222 (base 5) to base 11.
7209982
1121200400 (base 5) to base 7
30302461
What is 12534520 (base 6) in base 14?
abdcc
-1f85f (base 16) to base 10
-129119
What is -53078 (base 9) in base 10?
-35063
Convert 1d7f4 (base 16) to base 14.
32060
Convert -2549a2 (base 11) to base 13.
-110b92
What is -11246135 (base 8) in base 13?
-6777a4
What is -20104515 (base 7) in base 8?
-6264762
Convert -2201602 (base 9) to base 13.
-325133
92753 (base 11) to base 12
663a0
-210441210 (base 6) to base 15
-4c91a0
What is 254229 (base 12) in base 14?
11badb
What is 10212022210102 (base 3) in base 5?
1011202232
-752601 (base 8) to base 10
-251265
-10120222212022 (base 3) to base 13
-51ac9a
-2a989 (base 15) to base 7
-1110603
What is -287074 (base 10) in base 11?
-186757
-334635 (base 7) to base 12
-2a3b0
109c38 (base 13) to base 9
658253
5677a1 (